**2 + 22 - 9 + b + k*b**2. Calculate v(0).
13
Let j = -164 - -154. Let n(z) = z**3 + 11*z**2 + 10*z + 8. Give n(j).
8
Let b(h) = 2*h**2 + 5*h - 13. Let q(n) = -2*n + 2. Let d(a) = -b(a) - 4*q(a). Determine d(4).
-15
Suppose -18*j = -19*j + 2. Let f(t) = -t**3 - t**2 + 2*t + 2. Determine f(j).
-6
Let b(a) = 2*a**2 - 56*a - 260. Let l be b(32). Let x(c) be the third derivative of c**5/60 + c**4/4 + c**3/3 + c**2. Calculate x(l).
-6
Let i(q) = -10*q + 1 + 51*q**2 - 10 - 4 - 52*q**2. Give i(-9).
-4
Let y be (-69)/(-46)*4/6. Let k(h) be the second derivative of 0 + 1/3*h**3 + 3*h - 1/2*h**2. What is k(y)?
1
Let w(q) = q**2 + 6*q. Let p be 3 + -3 + 3 + 1. Suppose 5*f - 8 = 4*h, 2*f + p = f - 2*h. Suppose f = 5*n - 3*o + 16, -8 - 5 = 2*n + o. What is w(n)?
-5
Let d be (-14 + 12)/((-2)/((-2)/(-1))). Let c(l) = -15*l**d + 14*l**2 - 3 + 7. Suppose 0*b + 12 = -4*b. What is c(b)?
-5
Let d(z) = -106*z - 425. Let t be d(-4). Let u(k) = 17*k**2 - 2*k - 1. Give u(t).
18
Let c = 183 + -171. Let y(u) = -c - 7 - 16 + 5*u - 5*u**2 + 33 + u**3. Suppose -3*v + 0*w + 2*w = -6, 3*v + 5*w - 27 = 0. Calculate y(v).
2
Suppose -2*c + 8*c + 66 = 0. Let k = c + 17. Let n(b) = b**2 - 7*b + 1. Determine n(k).
-5
Let q(n) be the first derivative of -n**4/4 + n**3 + n**2 - 2*n - 19. Let b be 1*(-1 - (3 - 1)). Let c = 7 + b. Give q(c).
-10
Let w(q) = -14*q + 3. Let f(u) = 2*u**3 - 2*u**2 - 5*u - 2. Let s be f(0). What is w(s)?
31
Let x(k) = k**2 + 4*k + 4. Let y be (165/35)/1 - (-2)/7. Suppose -2*m = y*d + m + 10, -45 = 5*d - 4*m. What is x(d)?
9
Let a(i) be the third derivative of i**5/60 - i**4/12 + 5*i**3/6 - 74*i**2. What is a(5)?
20
Let s(g) = 0 + 4 + 2*g + 0*g. Let b(u) = -2*u**2 - 5*u + 4. Let j be b(-4). Let y(h) = h**3 + 8*h**2 + 3*h + 19. Let l be y(j). Determine s(l).
-6
Let k = 84 - 75. Let q(j) = j**2 - 9*j + 1. Give q(k).
1
Let r(u) = u**3 - 5*u**2 - 2*u + 10. Let s(h) = -h**2 + 21*h - 105. Let n be s(10). Calculate r(n).
0
Let c(m) = -m**2 - 5*m - 5. Let y(w) = w**3 + 9*w**2 + 14*w + 9. Let i be y(-7). Let f be ((-3)/(-2))/(i/(-72)). Let a = -16 - f. Give c(a).
-1
Suppose -13*q = -16*q - 150. Let d = q - -48. Let v(c) = 11*c - 2. Determine v(d).
-24
Let c(o) be the third derivative of o**5/60 + 7*o**4/24 - 4*o**3/3 + o**2. Let x = 3546 - 3552. Calculate c(x).
-14
Let l(k) = -k - 4. Let o = -31 + 21. Let q be l(o). Let b(d) be the second derivative of d**5/20 - 7*d**4/12 + 5*d**3/6 + 3*d**2 - 4*d. What is b(q)?
0
Let x(r) = 87*r + 83*r - 171*r. Calculate x(-1).
1
Let f(y) be the first derivative of -3/2*y**2 + 4*y + 6. What is f(-4)?
16
Let t(q) = 13*q + 7. Let k(l) = -7*l - 4. Let y(m) = 11*k(m) + 6*t(m). Suppose -2*z - 42 = -8*z. Determine y(z).
5
Suppose 5*j + 5*i = 40, 4*j - 7*i + 2*i + 4 = 0. Suppose 0 + j = 2*h. Let r(p) be the third derivative of -p**5/60 + 5*p**4/24 - p**3/3 - 2*p**2. What is r(h)?
4
Let k(t) = 30*t + 3. Let x(m) = 26*m + 3. Let b(l) = -6*k(l) + 7*x(l). Calculate b(-7).
-11
Suppose 31*f = 26*f - 3*u + 46, 4*f - 4*u - 24 = 0. Let d(k) = -k**2 + 8*k - 6. Calculate d(f).
-6
Let j be 2 - (3/(-4 - -7) - 2). Let d(q) = -q**3 + 6*q**2 - 4*q + 8. Let g(f) = -3*f**3 + 17*f**2 - 11*f + 23. Let m(r) = -11*d(r) + 4*g(r). Determine m(j).
-5
Let g(v) be the first derivative of v**3/3 - 5*v**2 + 2*v + 220. Determine g(9).
-7
Let l(x) = x**2 + 9*x - 4. Let n(m) = 110*m + 8 - 11*m - 2*m**2 - 116*m. Let p be 2/((-3)/(9/(-2))). Let g(v) = p*n(v) + 5*l(v). Give g(-6).
4
Let d = 52 - 55. Let k(b) be the second derivative of -b**8/6720 + b**6/240 - b**5/60 + b**4/6 + 2*b. Let f(s) be the third derivative of k(s). Determine f(d).
16
Let g(t) = 2 + t - 1 + t**2 + 0. Let d(p) = -p - 11. Let a be d(-10). Let b be (2/(-6))/(-1)*(a + 1). Determine g(b).
1
Suppose 8*q - 3*q - 30 = 0. Suppose 2*j = 7 + 3. Suppose q*f = f + j. Let z(k) = -7*k. What is z(f)?
-7
Let f(q) = q**2 + 2*q - 2. Suppose 15 = -6*c + 9*c. Suppose x + 4*g = -14, -x + 5*x - c*g - 28 = 0. What is f(x)?
6
Let q(o) = -o**2 - 4*o - 4. Suppose 4*l - 147 = 5*v + 13, 4*v - 2*l + 128 = 0. Let r = v - -29. What is q(r)?
-1
Let w(x) be the second derivative of 29*x - 11/12*x**4 + 0 - 7/2*x**2 + 1/20*x**5 + 11/6*x**3. Give w(10).
3
Let o(t) = -2*t - 3. Let i(d) = -d**2 - d - 5. Let p(n) = -n**3 - 6*n**2. Let s be p(-6). Let f be i(s). Determine o(f).
7
Suppose -24 = 4*r - r - 3*a, 0 = 3*r + 5*a - 16. Let p = -1 + r. Let c(z) = 5*z + 8. Let h(x) = -2*x - 3. Let m(y) = p*c(y) - 11*h(y). What is m(-5)?
-9
Let y(n) = 33*n + 1. Let a be y(0). Let p(w) = -31*w - 7. Let r(o) = 15*o + 3. Let q(t) = 2*p(t) + 5*r(t). Give q(a).
14
Let x(r) = 3*r**2 + r - 6. Let z(i) = -1. Let y(t) = x(t) - 3*z(t). What is y(3)?
27
Suppose 3*i + 3*q = 6*q + 15, q = 2*i - 7. Suppose 0 = -l + i. Let a(f) = -12 + 0*f + f + 0*f - l. Determine a(0).
-14
Let o(m) be the second derivative of -m**3/6 - 2*m**2 - 71*m. Let q = -2 + 5. Give o(q).
-7
Let o(s) = 1 + 0*s**2 + 131*s - s**2 - 124*s. What is o(5)?
11
Suppose -3*d + u + 2*u = 12, 0 = -5*u + 5. Let n(p) = 17*p**3 + 1 - 2*p**2 - 11*p**3 + 2 - 7*p**3 + 2*p. Give n(d).
6
Suppose 9*r - 10*r + 4 = 0. Suppose -2*y - 6 = -5*y. Let h(l) = -l**y - 2 + 5*l**2 - 3*l**2 + 3*l - 6*l. Give h(r).
2
Let t(h) = -h - 20 - 10 + 37. Suppose 3*k - 7 = 14. Calculate t(k).
0
Suppose -90 = 146*q - 128*q. Let m(n) = 2*n**2 - 2*n**2 - 8*n - 5 + 3*n**2 + n**3. What is m(q)?
-15
Suppose -4*m + 3*m = 2, 3*m + 1 = -5*i. Let s be 1 + (-5 - -3) + 1. Let a(b) = 8 + 3*b - 9 + s*b. Determine a(i).
2
Let c(n) = n**3 + 5*n**2 + 4*n. Let k = 7 - 4. Suppose 5*r = -4*h + 3*h - 22, k*r + 3*h + 18 = 0. Calculate c(r).
0
Let r(t) = -2228*t - 10 + 1113*t + 1118*t. Give r(5).
5
Let j(w) be the first derivative of 0*w + 2/3*w**3 + w**2 + 2. Let b = -6 - -4. Determine j(b).
4
Let h(l) = 9*l + 3. Let y be h(-4). Let s = y + 28. Let t(z) = z**3 + 5*z**2 + 3. Determine t(s).
3
Suppose -5*s + 2*s = 6. Let o be ((-18)/(-4) + -2)*s. Let f = o - -8. Let u(w) = -w**3 + 2*w**2 + 2*w + 2. Determine u(f).
-1
Let i(z) be the second derivative of -z**6/360 + 17*z**3/6 + 20*z. Let j(o) be the second derivative of i(o). Give j(2).
-4
Let v(k) = k**2 - k + 2. Let r be v(3). Let b(c) = 11*c + 0*c + 12 - c - c**3 - r*c**2. Let z = -16 + 7. Give b(z).
3
Let a(x) be the third derivative of x**6/120 - x**5/6 - 4*x**3/3 - 872*x**2. Calculate a(10).
-8
Let i(d) = 2*d**2 - 34*d - 39. Let t be i(18). Let c(s) = -3*s + 5 - 8 + s + 0. What is c(t)?
3
Suppose 13*t - 3*r = 9*t + 14, -t = 4*r + 6. Let f(y) be the second derivative of -y**4/4 + y**3/6 - y**2/2 - 2*y. What is f(t)?
-11
Let a(v) = 2*v**2 - 19*v + 18. Let j be a(8). Let g be 40/j*6/(-4) - 3. Let q(n) = -3*n + 9. What is q(g)?
-12
Suppose 2*f - 11 = -3. Let k be (-64)/(-28) - (-6)/(-21). Let j(a) = f*a - k*a - 3*a. Determine j(2).
-2
Let v(j) = -6*j**2 - 40*j - 120. Let u(p) = -2*p**2 - 14*p - 40. Let c(k) = 11*u(k) - 4*v(k). Let i(w) be the first derivative of c(w). Give i(-4).
-10
Let u(s) = 2*s - 2. Let y be u(2). Let t(f) = 2*f**2 + f - 5*f - 3*f**2 - y. Suppose 377 - 398 = 7*q. Give t(q).
1
Let z = -2 + 0. Let s(g) = 3*g**2 + 3*g - 4. Let m(y) = y**2 + y. Let t(q) = z*m(q) + s(q). Let w = 24 + -24. Determine t(w).
-4
Let j = -26 + 26. Let f(b) be the first derivative of b**4/4 + b**2/2 + 6*b + 51. What is f(j)?
6
Let f(c) = -4*c**2 + c. Suppose 0 = 11*h - 8*h. Suppose 4*p = -h + 4. Give f(p).
-3
Suppose k - 16 = -0*k + 2*b, -5*k + 5 = 5*b. Let w(q) = -k - 7 + 16. Let r(t) = t + 1. Let x(v) = 3*r(v) - 2*w(v). Give x(2).
3
Suppose -298 = 8*z - 250. Let u(y) = 5*y + 23. Give u(z).
-7
Let i(d) be the third derivative of d**6/30 + d**4/12 + d**3/6 - d**2. Let a = 736 - 737. Calculate i(a).
-5
Suppose -181 = -6*b - 163. Let a(x) be the first derivative of 1 + 1/4*x**4 - x**2 - 2/3*x**3 + b*x. Calculate a(2).
-1
Let k(y) = -y**2 + y. Let d(a) = -5*a**2 + 11*a + 3. Let j(b) = d(b) - 6*k(b). Suppose 1 + 2 = 3*n. Let p = n - 4. Give j(p).
-3
Let a(c) = c - 1. Let z(t) = 0 - t**2 - 7*t - 6 - 9 + 0. Let n be z(-5). Give a(n).
-6
Suppose 2*r = 3*c - 11, -3 = -2*c + 2*r + 3. Let u(n) = -c*n - n + 8*n. Let b be 5/(-1) - (-8)/4. What is u(b)?
-6
Let q(y) = 9*y**2 + 2*y + 3. Let z(j) = 9*j**2 + 3*j + 4. Let o(r) = 3*q(r) - 2*z(r). Let x = -1195 - -1194. Give o(x).
10
Let g(o) = -o**2 + 2*o - 4. Let l(b) = b**2